{"id":118,"date":"2022-08-09T19:23:12","date_gmt":"2022-08-09T17:23:12","guid":{"rendered":"http:\/\/esport.sfw.dk\/?page_id=118"},"modified":"2024-06-20T01:37:27","modified_gmt":"2024-06-19T23:37:27","slug":"tilmelding-stoettemedlem","status":"publish","type":"page","link":"https:\/\/www.parae-sport.dk\/index.php\/tilmelding-stoettemedlem\/","title":{"rendered":""},"content":{"rendered":"\n<div class=\"wp-block-columns is-layout-flex wp-container-core-columns-is-layout-28f84493 wp-block-columns-is-layout-flex\">\n<div class=\"wp-block-column is-layout-flow wp-block-column-is-layout-flow\"><\/div>\n\n\n\n<div class=\"wp-block-column is-layout-flow wp-block-column-is-layout-flow\">\n<div class=\"wp-block-columns is-layout-flex wp-container-core-columns-is-layout-28f84493 wp-block-columns-is-layout-flex\">\n<div class=\"wp-block-column is-layout-flow wp-block-column-is-layout-flow\" style=\"flex-basis:33.33%\">\n<figure class=\"wp-block-image size-full\"><img decoding=\"async\" src=\"https:\/\/www.parae-sport.dk\/wp-content\/uploads\/2024\/06\/Logotilwebogtryk-01.svg\" alt=\"\" class=\"wp-image-500\"\/><\/figure>\n<\/div>\n\n\n\n<div class=\"wp-block-column is-vertically-aligned-center is-layout-flow wp-block-column-is-layout-flow\" style=\"flex-basis:66.66%\">\n<p class=\"has-text-align-center\" style=\"font-size:35px\">Tilmelding &#8211; Bliv medlem<\/p>\n<\/div>\n<\/div>\n\n\n\n<p>Pris: 100 kr. per hele s\u00e6son (september-juni) for en husstand<br>S\u00e5fremt du er under 18 \u00e5r, skal der p\u00e5f\u00f8res mindst \u00e9n for\u00e6lder<br><\/p>\n<\/div>\n\n\n\n<div class=\"wp-block-column is-layout-flow wp-block-column-is-layout-flow\"><\/div>\n<\/div>\n\n\n\n<div class=\"wp-block-columns is-layout-flex wp-container-core-columns-is-layout-28f84493 wp-block-columns-is-layout-flex\">\n<div class=\"wp-block-column is-layout-flow wp-block-column-is-layout-flow\"><\/div>\n\n\n\n<div class=\"wp-block-column is-layout-flow wp-block-column-is-layout-flow\"><div class=\"wrap pdb-signup pdb-instance-2\" >\n\n    <form method=\"post\" enctype=\"multipart\/form-data\"  autocomplete=\"off\" action=\"\/index.php\/wp-json\/wp\/v2\/pages\/118\" ><input name=\"action\" type=\"hidden\" value=\"signup\" \/>\n\n<input name=\"subsource\" type=\"hidden\" value=\"participants-database\" \/>\n\n<input name=\"shortcode_page\" type=\"hidden\" value=\"\/index.php\/wp-json\/wp\/v2\/pages\/118\" \/>\n\n<input name=\"thanks_page\" type=\"hidden\" value=\"\/index.php\/wp-json\/wp\/v2\/pages\/118\" \/>\n\n<input name=\"instance_index\" type=\"hidden\" value=\"2\" \/>\n\n<input name=\"pdb_data_keys\" type=\"hidden\" value=\"30.1.2.31.23.9.3.7.4.8.27.29.28.24.25.26\" \/>\n\n<input name=\"session_hash\" type=\"hidden\" value=\"26b3639d86\" \/>\n\n    <table class=\"form-table pdb-signup\">\n\n      \n      <tbody class=\"field-group field-group-main\">\n        \n                \n        \n        <tr class=\"heading spiller-input-group\">\n\n          <th for=\"pdb-spiller-2\">Spiller<\/th>\n\n          <td>\n\n            \n\n                        \n          <\/td>\n\n        <\/tr>\n  \n        \n        <tr class=\"text-line first_name-input-group\">\n\n          <th for=\"pdb-first_name-2\">Fornavn<span class=\"reqd\">*<\/span><\/th>\n\n          <td>\n\n            <input name=\"first_name\" id=\"pdb-first_name-2\" class=\"required-field regular-text\" type=\"text\" value=\"\" \/>\n\n                        \n          <\/td>\n\n        <\/tr>\n  \n        \n        <tr class=\"text-line last_name-input-group\">\n\n          <th for=\"pdb-last_name-2\">Efternavn<span class=\"reqd\">*<\/span><\/th>\n\n          <td>\n\n            <input name=\"last_name\" id=\"pdb-last_name-2\" class=\"required-field regular-text\" type=\"text\" value=\"\" \/>\n\n                        \n          <\/td>\n\n        <\/tr>\n  \n        \n        <tr class=\"date f\u00f8dselsdato-input-group\">\n\n          <th for=\"pdb-f\u00f8dselsdato-2\">F\u00f8dselsdato<\/th>\n\n          <td>\n\n            <input name=\"f\u00f8dselsdato\" id=\"pdb-f\u00f8dselsdato-2\" class=\" regular-text date_field\" type=\"text\" value=\"\" \/>\n\n                        <span class=\"helptext\">skriv som dd\/mm\/\u00e5\u00e5\u00e5\u00e5<\/span>\n                        \n          <\/td>\n\n        <\/tr>\n  \n        \n        <tr class=\"text-line discord-input-group\">\n\n          <th for=\"pdb-discord-2\">Discord<\/th>\n\n          <td>\n\n            <input name=\"discord\" id=\"pdb-discord-2\" class=\" regular-text\" type=\"text\" value=\"\" \/>\n\n                        \n          <\/td>\n\n        <\/tr>\n  \n        \n        <tr class=\"text-line email-input-group\">\n\n          <th for=\"pdb-email-2\">Email<span class=\"reqd\">*<\/span><\/th>\n\n          <td>\n\n            <input name=\"email\" id=\"pdb-email-2\" class=\"required-field regular-text\" type=\"text\" value=\"\" \/>\n\n                        \n          <\/td>\n\n        <\/tr>\n  \n        \n        <tr class=\"text-line address-input-group\">\n\n          <th for=\"pdb-address-2\">Adresse<\/th>\n\n          <td>\n\n            <input name=\"address\" id=\"pdb-address-2\" class=\" regular-text\" type=\"text\" value=\"\" \/>\n\n                        \n          <\/td>\n\n        <\/tr>\n  \n        \n        <tr class=\"text-line zip-input-group\">\n\n          <th for=\"pdb-zip-2\">Postnr<\/th>\n\n          <td>\n\n            <input name=\"zip\" id=\"pdb-zip-2\" class=\" regular-text\" type=\"text\" value=\"\" \/>\n\n                        \n          <\/td>\n\n        <\/tr>\n  \n        \n        <tr class=\"text-line city-input-group\">\n\n          <th for=\"pdb-city-2\">By<\/th>\n\n          <td>\n\n            <input name=\"city\" id=\"pdb-city-2\" class=\" regular-text\" type=\"text\" value=\"\" \/>\n\n                        \n          <\/td>\n\n        <\/tr>\n  \n        \n        <tr class=\"text-line phone-input-group\">\n\n          <th for=\"pdb-phone-2\">Telefon<\/th>\n\n          <td>\n\n            <input name=\"phone\" id=\"pdb-phone-2\" class=\" regular-text\" type=\"text\" value=\"\" \/>\n\n                        \n          <\/td>\n\n        <\/tr>\n  \n        \n        <tr class=\"text-area s\u00e6rlige_forhold-input-group\">\n\n          <th for=\"pdb-s\u00e6rlige_forhold-2\">S\u00e6rlige forhold<\/th>\n\n          <td>\n\n            <textarea name=\"s\u00e6rlige_forhold\" rows=\"2\" cols=\"40\" id=\"pdb-s\u00e6rlige_forhold-2\"><\/textarea>\n\n                        <span class=\"helptext\">Oplysninger om s\u00e6rlige udfordringer eller s\u00e6rligt spiludstyr<\/span>\n                        \n          <\/td>\n\n        <\/tr>\n  \n        \n        <tr class=\"text-line spil-input-group\">\n\n          <th for=\"pdb-spil-2\">Spil<span class=\"reqd\">*<\/span><\/th>\n\n          <td>\n\n            <input name=\"spil\" id=\"pdb-spil-2\" class=\"required-field regular-text\" type=\"text\" value=\"\" \/>\n\n                        \n          <\/td>\n\n        <\/tr>\n  \n        \n        <tr class=\"heading for\u00e6ldre_info-input-group\">\n\n          <th for=\"pdb-for\u00e6ldre_info-2\">Oplysninger om for\u00e6lder<\/th>\n\n          <td>\n\n            \n\n                        \n          <\/td>\n\n        <\/tr>\n  \n        \n        <tr class=\"text-line for\u00e6lder_navn-input-group\">\n\n          <th for=\"pdb-for\u00e6lder_navn-2\">Navn<\/th>\n\n          <td>\n\n            <input name=\"for\u00e6lder_navn\" id=\"pdb-for\u00e6lder_navn-2\" class=\" regular-text\" type=\"text\" value=\"\" \/>\n\n                        \n          <\/td>\n\n        <\/tr>\n  \n        \n        <tr class=\"text-line for\u00e6lder_tlf-input-group\">\n\n          <th for=\"pdb-for\u00e6lder_tlf-2\">Telefon<\/th>\n\n          <td>\n\n            <input name=\"for\u00e6lder_tlf\" id=\"pdb-for\u00e6lder_tlf-2\" class=\" regular-text\" type=\"text\" value=\"\" \/>\n\n                        \n          <\/td>\n\n        <\/tr>\n  \n        \n        <tr class=\"text-line for\u00e6lder_email-input-group\">\n\n          <th for=\"pdb-for\u00e6lder_email-2\">Email<\/th>\n\n          <td>\n\n            <input name=\"for\u00e6lder_email\" id=\"pdb-for\u00e6lder_email-2\" class=\" regular-text\" type=\"text\" value=\"\" \/>\n\n                        \n          <\/td>\n\n        <\/tr>\n  \n                \n        <\/tbody>\n\n            \n        <tbody class=\"field-group field-group-submit\">\n      \n        <tr>\n          <td class=\"submit-buttons\">\n            \n           <input name=\"submit_button\" class=\"button-primary pdb-submit\" type=\"submit\" value=\"Tilmeld\" \/>\n            \n          <\/td>\n          <td class=\"submit-buttons\">\n            \n                      \n          <\/td>\n        <\/tr>\n        \n      <\/tbody>\n      \n    <\/table>\n    \n  <\/form>  \n<\/div>\n<\/div>\n\n\n\n<div class=\"wp-block-column is-layout-flow wp-block-column-is-layout-flow\"><\/div>\n<\/div>\n\n\n\n<p><\/p>\n\n\n\n<p><\/p>\n\n\n\n<p><\/p>\n\n\n\n<p><\/p>\n","protected":false},"excerpt":{"rendered":"<p>Tilmelding &#8211; Bliv medlem Pris: 100 kr. per hele s\u00e6son (september-juni) for en husstandS\u00e5fremt du er under 18 \u00e5r, skal der p\u00e5f\u00f8res mindst \u00e9n for\u00e6lder<\/p>\n","protected":false},"author":2,"featured_media":0,"parent":0,"menu_order":0,"comment_status":"closed","ping_status":"closed","template":"","meta":{"footnotes":""},"class_list":["post-118","page","type-page","status-publish","hentry"],"acf":[],"_links":{"self":[{"href":"https:\/\/www.parae-sport.dk\/index.php\/wp-json\/wp\/v2\/pages\/118","targetHints":{"allow":["GET"]}}],"collection":[{"href":"https:\/\/www.parae-sport.dk\/index.php\/wp-json\/wp\/v2\/pages"}],"about":[{"href":"https:\/\/www.parae-sport.dk\/index.php\/wp-json\/wp\/v2\/types\/page"}],"author":[{"embeddable":true,"href":"https:\/\/www.parae-sport.dk\/index.php\/wp-json\/wp\/v2\/users\/2"}],"replies":[{"embeddable":true,"href":"https:\/\/www.parae-sport.dk\/index.php\/wp-json\/wp\/v2\/comments?post=118"}],"version-history":[{"count":19,"href":"https:\/\/www.parae-sport.dk\/index.php\/wp-json\/wp\/v2\/pages\/118\/revisions"}],"predecessor-version":[{"id":583,"href":"https:\/\/www.parae-sport.dk\/index.php\/wp-json\/wp\/v2\/pages\/118\/revisions\/583"}],"wp:attachment":[{"href":"https:\/\/www.parae-sport.dk\/index.php\/wp-json\/wp\/v2\/media?parent=118"}],"curies":[{"name":"wp","href":"https:\/\/api.w.org\/{rel}","templated":true}]}}