{"id":122,"date":"2022-08-09T19:25:38","date_gmt":"2022-08-09T17:25:38","guid":{"rendered":"http:\/\/esport.sfw.dk\/?page_id=122"},"modified":"2023-08-08T18:21:12","modified_gmt":"2023-08-08T16:21:12","slug":"vejledninger","status":"publish","type":"page","link":"https:\/\/www.parae-sport.dk\/index.php\/vejledninger\/","title":{"rendered":"Vejledninger"},"content":{"rendered":"<p>Hvis du er nysgerrig ift. hvilke fordele der er ved at spille og hvilke udfordringer eller overvejelser der kan v\u00e6re s\u00e5 l\u00e6s udgivelsen &#8220;<a href=\"https:\/\/www.parae-sport.dk\/wp-content\/uploads\/2022\/08\/En-metode-Gaming-for-alle.pdf\" target=\"_blank\" rel=\"noopener\">En metode &#8211; Gaming for alle&#8221;<\/a><\/p>\n<p><strong>Tips og tricks<br \/>\nDobbeltklik<br \/>\n<\/strong>Det kan v\u00e6re en udfordring af dobbeltklikke p\u00e5 en computer. P\u00e5 en windows computer kan du \u00e6ndre, s\u00e5 du kun skal enkeltklikke p\u00e5 ikonerne p\u00e5 skrivebordet.<br \/>\nDu finder indstillingen s\u00e5ledes:<br \/>\nBrug s\u00f8ge funktionen &#8211; forst\u00f8rrelsesglasset &#8211; skriv &#8220;indstillinger for stifinder&#8221; (findes i kontrolpanelet) &#8211; \u00e6ndre funktionen &#8220;klik p\u00e5 elementer p\u00e5 f\u00f8lgende m\u00e5de&#8221; til &#8220;Enkeltklik for at \u00e5bne et element&#8221; &#8211; klik p\u00e5 ok<\/p>\n","protected":false},"excerpt":{"rendered":"<p>Hvis du er nysgerrig ift. hvilke fordele der er ved at spille og hvilke udfordringer eller overvejelser der kan v\u00e6re s\u00e5 l\u00e6s udgivelsen &#8220;En metode &#8211; Gaming for alle&#8221; Tips og tricks Dobbeltklik Det kan v\u00e6re en udfordring af dobbeltklikke p\u00e5 en computer. P\u00e5 en windows computer kan du \u00e6ndre, s\u00e5 du kun skal enkeltklikke [&hellip;]<\/p>\n","protected":false},"author":2,"featured_media":0,"parent":0,"menu_order":0,"comment_status":"closed","ping_status":"closed","template":"","meta":{"footnotes":""},"class_list":["post-122","page","type-page","status-publish","hentry"],"acf":[],"_links":{"self":[{"href":"https:\/\/www.parae-sport.dk\/index.php\/wp-json\/wp\/v2\/pages\/122","targetHints":{"allow":["GET"]}}],"collection":[{"href":"https:\/\/www.parae-sport.dk\/index.php\/wp-json\/wp\/v2\/pages"}],"about":[{"href":"https:\/\/www.parae-sport.dk\/index.php\/wp-json\/wp\/v2\/types\/page"}],"author":[{"embeddable":true,"href":"https:\/\/www.parae-sport.dk\/index.php\/wp-json\/wp\/v2\/users\/2"}],"replies":[{"embeddable":true,"href":"https:\/\/www.parae-sport.dk\/index.php\/wp-json\/wp\/v2\/comments?post=122"}],"version-history":[{"count":6,"href":"https:\/\/www.parae-sport.dk\/index.php\/wp-json\/wp\/v2\/pages\/122\/revisions"}],"predecessor-version":[{"id":471,"href":"https:\/\/www.parae-sport.dk\/index.php\/wp-json\/wp\/v2\/pages\/122\/revisions\/471"}],"wp:attachment":[{"href":"https:\/\/www.parae-sport.dk\/index.php\/wp-json\/wp\/v2\/media?parent=122"}],"curies":[{"name":"wp","href":"https:\/\/api.w.org\/{rel}","templated":true}]}}